= -7*r - 18, -2*n = -o*r - 16. Let v be 1/(-2 + 1 - n). Let q(i) = -7*i - 1. Calculate q(v).
-8
Let w(c) = c + 15. Let j be w(-10). Suppose -2*n - 5*l = 0, -n - 1 - 4 = j*l. Let y(z) = -z**3 + 5*z**2 + z + 3. Give y(n).
8
Suppose -5*u = -a - 11, -3*a = -5*u - 5*a + 23. Let x(m) = m**2 - 3*m - 2. Calculate x(u).
-2
Let u(b) = -6*b + 1. Let w(j) = -j + 3*j + j - 4*j. Let p = 2 - 3. Let t(s) = p*u(s) + 4*w(s). Calculate t(1).
1
Let d(z) be the first derivative of -2*z**3/3 - 3*z**2/2 + 3*z - 2. Determine d(2).
-11
Let p be 6*(0 - 8/(-12)). Let n(o) = o**3 - p + o**2 + 4*o + 10 - 5*o. What is n(0)?
6
Let c(m) = m - 3. Let z be (-12)/(-3) + 4 - 3. Give c(z).
2
Let f(t) be the second derivative of t**4/12 + t**3/6 + 3*t**2/2 + 2*t. Determine f(0).
3
Let i = 0 - -1. Let y(s) be the third derivative of -s**6/120 - s**3/6 + 4*s**2. Let o(b) = b**3 + 1. Let h(z) = 2*o(z) + 3*y(z). Determine h(i).
-2
Suppose 0*u = -5*u + 3*l - 26, -u = -l + 4. Let g(q) = -q + 1. Give g(u).
8
Let k(z) be the second derivative of 1/3*z**4 + 0*z**3 + 1/2*z**2 + 5*z + 0. Determine k(-1).
5
Let q(c) = c**3 - c**2 + c - 3. Suppose 0 = -3*u + 12*u. Give q(u).
-3
Let h(a) be the third derivative of a**5/60 + a**4/6 + 5*a**3/6 + 5*a**2. Suppose -1 = x + i - 9, 4*x = 5*i + 5. Suppose x + 3 = -2*o. Determine h(o).
5
Let l(h) = 5*h**2 - 17*h + 13. Let v(r) = 3*r**2 - 9*r + 7. Let b(g) = -4*l(g) + 7*v(g). Determine b(-6).
3
Let q(w) be the third derivative of -w**4/24 - 3*w**3/2 + 13*w**2. Let z = -4 - 1. Give q(z).
-4
Let v = -49 + -17. Let h be v/18 + (-1)/3. Let i(p) be the third derivative of p**5/60 + p**4/6 - 2*p**3/3 + p**2. Give i(h).
-4
Let q(w) = w**2 - 2*w - 2 + w**3 + 3*w - 2*w**2. Let c be q(0). Let v be (-52)/10 - c/10. Let r(j) = -j - 4. Calculate r(v).
1
Suppose 0 = 2*x + x - 6. Let m be x/2*(-5 - -4). Let a(b) be the first derivative of -3*b**2 + b - 1. Determine a(m).
7
Let c(o) = o**3 - 5*o**2 - 4*o - 7. Suppose 5*d + 1 + 9 = 0. Let q = -2 - d. Suppose 0 = 3*k - 5*t - 0*t - 8, q = 2*k - 3*t - 6. Determine c(k).
5
Let o(d) = 6 - d**2 - 4 + d**3 + 0*d**3. Suppose 0*q = 2*q. Suppose q = -4*b + 4 + 4. Determine o(b).
6
Let z be (-14)/(-49) + (-5)/(-7). Let r(f) = -f**2 + f - 1. Let l(d) = 3*d**2 - 6*d + 9. Let y(c) = z*l(c) + 4*r(c). Suppose -g = g + 8. Give y(g).
-3
Let o(b) = 9*b**2 + 2*b + 1. Let s be o(-1). Let a(i) = -3*i**2 + 7*i + 2*i**2 - s*i + 6*i. Give a(5).
0
Let w = -127 + 124. Let u(i) = -i**3 - 2*i**2 + 5*i + 3. Calculate u(w).
-3
Let z(l) be the second derivative of -l**5/20 + l**4/12 + l**3/2 + l**2 - 11*l. Give z(3).
-7
Let h(x) = -x**2 + 3*x - 4. Let d be (-1)/(3/(-15)*10/6). Determine h(d).
-4
Let u(r) be the second derivative of 2*r**3/3 - r**2 - 3*r. Give u(2).
6
Let h(t) = -t**2 - t. Let i(v) = 6*v**2 - 3*v - 1. Let d(s) = 2*h(s) - i(s). Determine d(-1).
-8
Let m(n) = 107*n**3 - n**2 + n - 7 - 2*n - 106*n**3. Give m(0).
-7
Let o(f) = -7*f**2 - 8*f - 7. Let r(l) = -13*l**2 - 15*l - 13. Let z(d) = 11*o(d) - 6*r(d). Let a(k) = -k**3 + 4*k**2 - k - 4. Let t be a(3). What is z(t)?
9
Suppose 2*s + 5*a - a - 18 = 0, -3*s + 22 = a. Let i(v) = -v + 5. What is i(s)?
-2
Let q(g) = g**3 + 2*g**2 - 12*g - 10. Let y be q(-4). Let p(z) = z**2 - 7*z + 4. Give p(y).
-2
Let r(q) = -q**3 - 5*q**2 + 7*q + 9. Let c be r(-6). Suppose -c*o = n + 3, -6*o - 2*n - 6 = -o. Let m(p) = p**2 + p + 4. Calculate m(o).
4
Suppose 3*z + 2 + 10 = 0. Let m(v) = 9*v + 1. Let y(q) = 8*q + 1. Let h(x) = z*m(x) + 5*y(x). What is h(-1)?
-3
Let p be 32/(-3) - (-1)/(-3). Let v(o) = 5*o**2 + 2*o + 3. Let w(b) = -14*b**2 - 6*b - 9. Let t(y) = p*v(y) - 4*w(y). What is t(-2)?
3
Let z(y) be the second derivative of -7*y**4/12 + y**2/2 - 3*y. Let m be z(1). Let b = 4 + m. Let k(a) = a**2 + 3*a. What is k(b)?
-2
Let a(t) = -6*t + 13. Let x(i) = -3*i + 6. Let l(w) = 6*a(w) - 13*x(w). Determine l(-2).
-6
Suppose 3*o - 4 = -2*m + 6, 0 = -o - m + 3. Let g(i) = -i**2 + 5*i - 1. Give g(o).
3
Suppose 0 = x - 2*x + 2. Let a(w) be the first derivative of -4*w**3/3 + 2*w**2 - 3*w + 2. Calculate a(x).
-11
Suppose 92*j + 15 = 87*j. Suppose 5*r - 12 - 1 = -k, -4*k - 5*r + 22 = 0. Let a(z) = k*z - z**2 + 0*z - 4*z + 4. Give a(j).
-2
Let a(s) = s**2 - 1. Let v(i) = i**3 - 5*i**2 + i + 2. Let h(t) = 2*a(t) + v(t). Suppose -5*d = -14 - 6. Suppose 0 = z - d*z + 9. Give h(z).
3
Let v(l) be the third derivative of -l**4/8 - l**3/3 + 10*l**2. What is v(3)?
-11
Suppose 0*k + 12 = -3*k. Let j be 2*(2/k + -2). Let f(i) = i**2 + 7*i - 2. Calculate f(j).
-12
Let d = -25 + 30. Let z(q) = -q**3 + 4*q**2 + 4*q + 2. Calculate z(d).
-3
Suppose 3*t - 5*y = 21, -4*y = 2*t + t + 6. Let s(p) = p**3 - 2*p**2. What is s(t)?
0
Let o = -402 - -403. Let p(l) be the third derivative of l**4/3 - l**3/6 - l**2. What is p(o)?
7
Let t(n) = 4 - 2*n + 0 + 0. Let c = 17 + -11. Suppose -c*v + 26 + 4 = 0. Determine t(v).
-6
Let b(k) = k**3 + 6*k**2 + 5. Let u be (4 - 1)*1*2. Let y(d) = d - 12. Let x be y(u). Calculate b(x).
5
Let w(t) = t**3 - 4*t**2 + 3*t - 6. Suppose 24*q - 22*q - 8 = 0. What is w(q)?
6
Let n(r) = r**3. Suppose 2 = 2*c, -c - 19 = 4*t - 0*t. Let s = 3 + t. Let d be (-1)/s - (-2)/4. Give n(d).
1
Let r(f) = -5*f - 5*f**2 + f**2 + 3*f**2 + 4. Give r(-5).
4
Let k(j) = -j**2 + 7*j - 9. Let q be k(6). Let w(z) = -z**2 + 4*z + 4. What is w(q)?
-17
Let n(d) = -3 + 4*d - d - 2*d. Suppose 2*m - 7 = a, -7*a = -2*m - 3*a + 10. Suppose 17 = m*l + 2*h + 2*h, 5 = l + h. Give n(l).
0
Let n(x) be the third derivative of -x**7/2520 + x**6/144 + x**5/24 - x**4/8 + 2*x**2. Let c(o) be the second derivative of n(o). Determine c(5).
5
Let r(z) be the second derivative of z**6/720 + z**5/15 - z**4/6 - 5*z. Let n(u) be the third derivative of r(u). Determine n(-6).
2
Let l(f) be the second derivative of f**3/3 - 5*f**2/2 - 2*f. Let o be l(4). Let x(g) = 0*g**3 + o*g + g**3 + 1 - 5*g**2 + 3. Give x(3).
-5
Let y(n) = -168*n - 2 + 0 + 165*n + 4. Give y(-4).
14
Let o(b) = b. Let z be 10/(-55) + (-62)/22. Determine o(z).
-3
Suppose i - 6*i = 20. Let t(r) = -r**3 - 4*r**2 - 3. Let k be t(i). Let s(x) = -x**3 - 4*x**2 - 4*x - 3. What is s(k)?
0
Let q = -7 + 9. Let a(w) = 3*w**2 - 1. What is a(q)?
11
Let p(o) = 4*o**3 + 2*o**2 + 2*o - 10. Suppose 6 = -5*f + 1. Let x(a) = a**3 + a**2 + a - 1. Let c(i) = f*p(i) + 3*x(i). What is c(0)?
7
Let i(x) = -4*x - 2. Let k = 18 + -21. What is i(k)?
10
Let h(a) = 2*a - 4 - 3 + 3 - 2. Let u(b) = -b**2 - 5*b + 1. Let w be u(-4). What is h(w)?
4
Suppose -45 = -0*h - 15*h. Let g(o) = -3*o. Determine g(h).
-9
Let l = 44 + -41. Let q(m) = 2 + 0*m**2 - 3 - m - 3*m**2 + m**3. Give q(l).
-4
Suppose -10 - 2 = -4*k. Suppose 4*m + 11 = c, 2*c - k = 3*m + 4. Let j(t) = -4*t + 1. Give j(c).
5
Let n be 45/(-18)*2/(-5). Let z(p) = p**3 - p**2 + 2*p - 1. What is z(n)?
1
Suppose 5*o - 18 + 8 = 0. Let j(k) = 3*k - 3*k + 4 + k**2 + 0*k**o - 5*k. Give j(3).
-2
Let k(j) = 6*j + 2*j - 1 - 116*j**2 + 115*j**2. Calculate k(7).
6
Let z(h) = -h**2 - 2*h + 6 + 0 + 0*h**2. Suppose 2*s - 30 = 5*j, -1 = 3*j + 4*s - 9. Let c = j - 1. Calculate z(c).
-9
Let b = 4 - 19. Let y = b + 10. Let x(h) = 4*h**2 - 12*h + 19. Let l(c) = 3*c**2 - 8*c + 13. Let f(m) = -7*l(m) + 5*x(m). What is f(y)?
-1
Let u(p) = 1 + p**3 + 2 - 4 - p + p**2. Suppose 10 = -2*q + 2*y, -17 = -5*y + 3. Determine u(q).
0
Let q(b) = -b. Let d = -9 - 4. Let r = -7 - d. Give q(r).
-6
Let x(y) = -4*y**3 - 2*y**2 + y - 3. Suppose -3 = d - 2. Let j(v) = -v**3 + v**2 + 1. Let g(w) = d*x(w) - 2*j(w). Give g(1).
6
Let l(a) = a**2 - 4*a - 11. Let q be l(6). Let i(g) = g + 2 - 2 - 2*g**2 + 10*g**3. Calculate i(q).
9
Let j = 7 + -4. Let x(f) = -4*f**2 + 17*f + 0*f**3 - f**j - 2 - 16*f. Let p be x(-4). Let w(d) = -2*d - 7. Determine w(p).
5
Suppose 0 = -p - 0*p - 3. Let j(x) = -x - x**3 - 4*x**2 + x**2 - 1 + 0*x. Calculate j(p).
2
Let w be (-22)/(-6) - 2/(-6). Suppose 0*s = 2*s - w. Suppose -5*a + 16 = s*h - 3, 2 = h + a. Let y(b) = b**2 + 2*b - 2. Give y(h).
1
Let l(d) = -2*d**3 + 2*d**2 + 3*d - 2. Let g be l(2). Let s(n) be the second derivative of -1/3*n**3 - n**2 + 0 - n. Calculate s(g).
6
Let l = 0 + 0. Suppose 0 = -i - l*i + 15. Let v = i + -9. Let d(k) = k**2 - 6*k. What is d(v)?
0
Let l be 9/(-6)*(-2 + 4). Let a = l + 5. Let w(j) = -2*j + 4*j - 2*j**2 - 3 + j**a. Calculate w(3).
-6
Let i b